late the remainder when 151 is divided by 17.
15
What is the remainder when 323 is divided by 29?
4
What is the remainder when 185 is divided by 24?
17
Calculate the remainder when 36713 is divided by 11.
6
Calculate the remainder when 253 is divided by 131.
122
What is the remainder when 4680 is divided by 33?
27
Calculate the remainder when 2217 is divided by 29.
13
Calculate the remainder when 147 is divided by 6.
3
What is the remainder when 364 is divided by 123?
118
Calculate the remainder when 465 is divided by 168.
129
Calculate the remainder when 147 is divided by 15.
12
Calculate the remainder when 2391 is divided by 26.
25
Calculate the remainder when 183 is divided by 57.
12
Calculate the remainder when 4654 is divided by 332.
6
Calculate the remainder when 529 is divided by 22.
1
What is the remainder when 2136 is divided by 23?
20
What is the remainder when 3206 is divided by 34?
10
What is the remainder when 33 is divided by 9?
6
Calculate the remainder when 1115 is divided by 20.
15
Calculate the remainder when 101 is divided by 53.
48
Calculate the remainder when 49 is divided by 10.
9
What is the remainder when 168 is divided by 98?
70
What is the remainder when 5521 is divided by 307?
302
What is the remainder when 475 is divided by 7?
6
Calculate the remainder when 248 is divided by 132.
116
What is the remainder when 1263 is divided by 1251?
12
Calculate the remainder when 254 is divided by 5.
4
What is the remainder when 61 is divided by 39?
22
Calculate the remainder when 513 is divided by 86.
83
Calculate the remainder when 101 is divided by 49.
3
Calculate the remainder when 179 is divided by 12.
11
Calculate the remainder when 911 is divided by 236.
203
Calculate the remainder when 35 is divided by 22.
13
What is the remainder when 239 is divided by 237?
2
What is the remainder when 138 is divided by 28?
26
Calculate the remainder when 527 is divided by 88.
87
What is the remainder when 32 is divided by 19?
13
Calculate the remainder when 31 is divided by 11.
9
Calculate the remainder when 560 is divided by 59.
29
Calculate the remainder when 1129 is divided by 63.
58
What is the remainder when 489 is divided by 35?
34
Calculate the remainder when 684 is divided by 52.
8
What is the remainder when 110 is divided by 38?
34
What is the remainder when 3080 is divided by 23?
21
What is the remainder when 32 is divided by 23?
9
What is the remainder when 69 is divided by 28?
13
Calculate the remainder when 898 is divided by 10.
8
Calculate the remainder when 178 is divided by 82.
14
Calculate the remainder when 377 is divided by 18.
17
Calculate the remainder when 542 is divided by 69.
59
What is the remainder when 2307 is divided by 95?
27
Calculate the remainder when 207 is divided by 28.
11
Calculate the remainder when 247 is divided by 5.
2
Calculate the remainder when 36 is divided by 5.
1
Calculate the remainder when 142 is divided by 13.
12
What is the remainder when 1231 is divided by 13?
9
Calculate the remainder when 202 is divided by 119.
83
What is the remainder when 140 is divided by 79?
61
What is the remainder when 804 is divided by 28?
20
Calculate the remainder when 77 is divided by 20.
17
Calculate the remainder when 145 is divided by 30.
25
Calculate the remainder when 626 is divided by 19.
18
What is the remainder when 98 is divided by 11?
10
Calculate the remainder when 426 is divided by 88.
74
What is the remainder when 5253 is divided by 77?
17
What is the remainder when 78 is divided by 41?
37
What is the remainder when 1424 is divided by 215?
134
What is the remainder when 212 is divided by 54?
50
Calculate the remainder when 26557 is divided by 13.
11
What is the remainder when 248 is divided by 197?
51
What is the remainder when 18259 is divided by 46?
43
What is the remainder when 64 is divided by 11?
9
What is the remainder when 216 is divided by 45?
36
What is the remainder when 11717 is divided by 20?
17
Calculate the remainder when 42 is divided by 24.
18
What is the remainder when 16945 is divided by 9?
7
What is the remainder when 8951 is divided by 4474?
3
Calculate the remainder when 4397 is divided by 55.
52
What is the remainder when 538 is divided by 110?
98
Calculate the remainder when 25244 is divided by 33.
32
Calculate the remainder when 28 is divided by 4.
0
Calculate the remainder when 146 is divided by 87.
59
What is the remainder when 2570 is divided by 117?
113
Calculate the remainder when 75 is divided by 22.
9
What is the remainder when 626 is divided by 200?
26
Calculate the remainder when 126 is divided by 62.
2
Calculate the remainder when 218 is divided by 122.
96
Calculate the remainder when 374 is divided by 40.
14
What is the remainder when 853 is divided by 172?
165
Calculate the remainder when 6518 is divided by 311.
298
Calculate the remainder when 7248 is divided by 58.
56
Calculate the remainder when 170 is divided by 29.
25
What is the remainder when 71271 is divided by 14?
11
Calculate the remainder when 153 is divided by 14.
13
What is the remainder when 11315 is divided by 46?
45
What is the remainder when 11669 is divided by 30?
29
What is the remainder when 814 is divided by 43?
40
Calculate the remainder when 1021 is divided by 33.
31
Calculate the remainder when 460 is divided by 6.
4
Calculate the remainder when 438 is divided by 436.
2
Calculate the remainder when 71 is divided by 31.
9
Calculate the remainder when 195 is divided by 22.
19
Calculate the remainder when 3095 is divided by 70.
15
Calculate the remainder when 1392 is divided by 463.
3
What is the remainder when 140 is divided by 37?
29
What is the remainder when 377 is divided by 180?
17
What is the remainder when 137 is divided by 55?
27
What is the remainder when 72 is divided by 21?
9
Calculate the remainder when 53 is divided by 6.
5
What is the remainder when 3178 is divided by 53?
51
Calculate the remainder when 1019 is divided by 51.
50
What is the remainder when 22 is divided by 6?
4
What is the remainder when 465 is divided by 52?
49
Calculate the remainder when 172 is divided by 36.
28
Calculate the remainder when 126 is divided by 76.
50
What is the remainder when 62 is divided by 19?
5
What is the remainder when 117 is divided by 63?
54
Calculate the remainder when 340 is divided by 11.
10
What is the remainder when 268 is divided by 42?
16
Calculate the remainder when 234 is divided by 76.
6
Calculate the remainder when 2823 is divided by 938.
9
What is the remainder when 122 is divided by 24?
2
Calculate the remainder when 1869 is divided by 55.
54
Calculate the remainder when 113 is divided by 56.
1
Calculate the remainder when 303 is divided by 78.
69
Calculate the remainder when 292 is divided by 51.
37
What is the remainder when 243 is divided by 28?
19
What is the remainder when 91 is divided by 25?
16
What is the remainder when 827 is divided by 399?
29
Calculate the remainder when 57 is divided by 13.
5
Calculate the remainder when 801 is divided by 73.
71
Calculate the remainder when 5544 is divided by 113.
7
What is the remainder when 137 is divided by 129?
8
Calculate the remainder when 132 is divided by 80.
52
What is the remainder when 833 is divided by 65?
53
Calculate the remainder when 1014 is divided by 1005.
9
What is the remainder when 289 is divided by 60?
49
What is the remainder when 1530 is divided by 7?
4
Calculate the remainder when 2648 is divided by 11.
8
Calculate the remainder when 51 is divided by 28.
23
Calculate the remainder when 54 is divided by 1.
0
What is the remainder when 17833 is divided by 20?
13
Calculate the remainder when 168 is divided by 49.
21
Calculate the remainder when 1212 is divided by 49.
36
Calculate the remainder when 60 is divided by 31.
29
Calculate the remainder when 401 is divided by 13.
11
What is the remainder when 888 is divided by 4?
0
Calculate the remainder when 417 is divided by 35.
32
What is the remainder when 6518 is divided by 225?
218
What is the remainder when 2866 is divided by 41?
37
What is the remainder when 34 is divided by 18?
16
What is the remainder when 188 is divided by 52?
32
What is the remainder when 205 is divided by 72?
61
What is the remainder when 403 is divided by 68?
63
What is the 